e 10, what is 42 + -569?
-527
In base 16, what is -2 + cbc6?
cbc4
In base 3, what is -10 - 2002221?
-2010001
In base 14, what is 2 - 48415?
-48413
In base 12, what is 2a - -b65?
b93
In base 3, what is -2101 - -2112201?
2110100
In base 16, what is -1 + -550d8?
-550d9
In base 10, what is -280 - -680?
400
In base 3, what is 1121201 - 12021?
1102110
In base 10, what is -5 + -80807?
-80812
In base 14, what is 18543c - 1?
18543b
In base 6, what is 5 - 20515304?
-20515255
In base 2, what is 100000010001 - -1?
100000010010
In base 9, what is -2041 - 311?
-2352
In base 5, what is 4043 + -212343?
-203300
In base 4, what is 1312010 + -311?
1311033
In base 6, what is 1 + -422144?
-422143
In base 12, what is -7aba + -110?
-800a
In base 7, what is 45 + -62032?
-61654
In base 5, what is 10 + 101112?
101122
In base 12, what is 128 + -55b?
-433
In base 11, what is -37a6 + -5?
-3800
In base 16, what is 2 + -351b6?
-351b4
In base 8, what is -41 - 31414?
-31455
In base 16, what is c + 44f4?
4500
In base 16, what is 1e - ee5?
-ec7
In base 16, what is -a6572 - -3?
-a656f
In base 9, what is -13503 + -6?
-13510
In base 2, what is -101011 - 1101111101001001?
-1101111101110100
In base 2, what is 101111 - -101111011110000?
101111100011111
In base 13, what is -10b7 - -1?
-10b6
In base 3, what is 201021 - 10102?
120212
In base 3, what is -1102021 + 20122?
-1011122
In base 13, what is -9 + a3?
97
In base 11, what is 293a07 - 4?
293a03
In base 13, what is 4827c - 12?
4826a
In base 12, what is 1541 - 12?
152b
In base 3, what is 122211 - 101121?
21020
In base 13, what is 1 - 984?
-983
In base 6, what is -504 - 4143?
-5051
In base 16, what is -2 + -1647?
-1649
In base 3, what is 212220 - -1110112?
2100102
In base 5, what is -12 - -2300023?
2300011
In base 13, what is 393 + 304?
697
In base 3, what is -210200021001 - -102?
-210200020122
In base 6, what is 25 - -24500?
24525
In base 6, what is 3 + 502032?
502035
In base 16, what is -2 + 9ccb?
9cc9
In base 11, what is 0 - 19166?
-19166
In base 7, what is 15 - -1610565?
1610613
In base 16, what is -10 - -14e9?
14d9
In base 12, what is 10602 - -3?
10605
In base 5, what is 2 - 4332?
-4330
In base 13, what is -630 - -15b?
-4a2
In base 10, what is -14145 + -79?
-14224
In base 2, what is 111000 - 101011001?
-100100001
In base 10, what is 7579 + 11?
7590
In base 5, what is -1033 + 1124?
41
In base 5, what is -102313 + 2?
-102311
In base 5, what is 40 - -12240?
12330
In base 15, what is -be2 - -143?
-a9e
In base 6, what is 1 + -1245450?
-1245445
In base 10, what is 24 - 39277?
-39253
In base 7, what is 6 + 2135461?
2135500
In base 15, what is 69dd - 5?
69d8
In base 8, what is 555627 - 1?
555626
In base 9, what is 6 - 5154?
-5147
In base 7, what is -306 - 232?
-541
In base 11, what is 27a15 - 4?
27a11
In base 7, what is -14 + 545112?
545065
In base 5, what is 1 + -1120100?
-1120044
In base 10, what is -4779 + -369?
-5148
In base 7, what is 1262 + 450?
2042
In base 5, what is -414 - 41223?
-42142
In base 10, what is 440 + 11?
451
In base 6, what is -1215 + 225115?
223500
In base 12, what is -35082 + 1?
-35081
In base 11, what is 5 - 2849?
-2844
In base 5, what is 13 + -402?
-334
In base 7, what is 0 - -212454?
212454
In base 6, what is 524343 + -5?
524334
In base 2, what is 100010001101110 + 111?
100010001110101
In base 5, what is -112014 + 113?
-111401
In base 6, what is -5131 + 343?
-4344
In base 16, what is -d16 - 3f4?
-110a
In base 10, what is -2917849 + 3?
-2917846
In base 3, what is -12010020000 + -2110?
-12010022110
In base 5, what is 3144 - -224223?
232422
In base 13, what is -4c64 - 1?
-4c65
In base 3, what is -12 + -202012111?
-202012200
In base 12, what is -a60b - 123?
-a732
In base 5, what is 1102220 - 3?
1102212
In base 10, what is -1 + -35695?
-35696
In base 12, what is -1072 - 9?
-107b
In base 9, what is -4 - 27501?
-27505
In base 14, what is -33 + -5aa?
-5dd
In base 3, what is 11100 + -102000?
-20200
In base 11, what is -17 + 54489?
54472
In base 15, what is -5 - -196d?
1968
In base 9, what is 3 + 550703?
550706
In base 15, what is -177d - -b?
-1772
In base 11, what is -2285 - 43?
-2318
In base 15, what is -31a + ba?
-250
In base 10, what is 10300 + 16?
10316
In base 15, what is 5 - -2b472?
2b477
In base 9, what is 514753 + 2?
514755
In base 7, what is 126 - -353226?
353355
In base 14, what is -9d - 21c?
-2bb
In base 12, what is -4 + 1749?
1745
In base 8, what is -34 + -25415?
-25451
In base 16, what is -d7b9 - 8?
-d7c1
In base 8, what is -445176 - -4?
-445172
In base 12, what is 1 + -1561?
-1560
In base 7, what is 123 - 16001?
-15545
In base 12, what is 112 - -43?
155
In base 16, what is -f251 - 11?
-f262
In base 14, what is 1343d4 - 4?
1343d0
In base 11, what is -135 + 4010?
3986
In base 13, what is -75b5 + -27?
-760c
In base 7, what is -33400502 - 3?
-33400505
In base 3, what is -11 + -121000122221?
-121000200002
In base 8, what is 123002 - 10?
122772
In base 14, what is -6 - 6ab60?
-6ab66
In base 4, what is -2 + 2230103?
2230101
In base 9, what is 114231 + 8?
114240
In base 13, what is 1b7c + -4?
1b78
In base 14, what is -40 + 924?
8c4
In base 12, what is -ab7 - -46?
-a71
In base 13, what is 206 + 2021?
2227
In base 5, what is -11 + -320333?
-320344
In base 14, what is -4a - 55a?
-5a6
In base 5, what is 4 + -43143111?
-43143102
In base 14, what is 1 + -10a3c?
-10a3b
In base 3, what is -121002202021 + -10?
-121002202101
In base 15, what is 42 - -b2?
104
In base 7, what is -200 - -1163?
663
In base 11, what is 67 + 2a93?
304a
In base 6, what is 1243433 + 142?
1244015
In base 9, what is 28 - -1720?
1748
In base 10, what is -9792 - -6?
-9786
In base 12, what is -2990 + -12?
-29a2
In base 14, what is -ad0d - -21?
-accc
In base 5, what is -311 + -1342002?
-1342313
In base 14, what is 69 - -391?
41a
In base 6, what is -1305523 + -4?
-1305531
In base 13, what is -b03b2 - 4?
-b03b6
In base 13, what is -c6 + 1ca?
104
In base 3, what is 10 + 1001021020?
1001021100
In base 4, what is 2020203 - 1?
2020202
In base 15, what is 2a1d52 - 1?
2a1d51
In base 6, what is 100230 + -102?
100124
In base 13, what is -16ba27 + -1?
-16ba28
In base 16, what is -14d + -1a46?
-1b93
In base 11, what is -92a6 - -13a?
-9167
In base 16, what is 8e9a - -12?
8eac
In base 16, what is 8da + -5ef?
2eb
In base 13, what is -3 - 1909c?
-190a2
In base 9, what is 1 + 201133?
201134
In base 5, what is -33012113 + 2?
-33012111
In base 5, what is -110013 + -212?
-110230
In base 5, what is -1422 - 2404?
-4331
In base 15, what is -22a34 - -4?
-22a30
In base 5, what is 40111 - -4?
40120
In base 5, what is -2304 + -124?
-2433
In base 13, what is 58a + 121?
6ab
In base 6, what is -1 + -20151135?
-20151140
In base 8, what is 4 - 2501764?
-2501760
In base 4, what is 11 - 1003021?
-1003010
In base 15, what is 113 - -ba?
1cd
In base 16, what is -5549e5 - -4?
-5549e1
In base 6, what is 2 - 11504454?
-11504452
In base 16, what is -f7 - 1b?
-112
In base 6, what is 11210 + 52?
11302
In base 5, what is 4 + 2230014?
2230023
In base 7, what is 0 + -110056?
-110056
In base 15, what is 0 - 14e9?
-14e9
In base 13, what is -1748a + -2?
-1748c
In base 7, what is 3445 - -44?
3522
In base 15, what is 188e1 + 6?
188e7
In base 3, what is 1020212100 + -10020?
1020202010
In base 4, what is 1 + 11101203?
11101210
In base 11, what is -3 - -29484?
29481
In base 14, what is 0 + 13871?
13871
In base 4, what is 2 - 210210211?
-210210203
In base 10, what is -5 + 7857?
7852
In base 4, what is -1000322 - -311?
-1000011
In base 11, what is -47421 - 3?
-47424
In base 16, what is -2 + 206a?
2068
In base 16, what is -193a - -7?
-1933
In base 15, what is -3 + 2b0d?
2b0a
In base 9, what is -265 - -121?
-144
In base 4, what is -11103101 - -120?
-11102321
In base 11, what is 4 - -539a?
53a3
In base 5, what is 303111 - 3?
303103
In base 16, what is -5 + -42a6c?
-42a71
In base 5, what is 2 - -12403321?
12403323
In base 13, what is 272 + -1653?
-13b1
In base 15, what is -112d - 41?
-116e
In base 16, what is -11 + 33b?
32a
In base 4, what is 100 + -3133?
-3033
In base 6, what is -445 - 425?
-1314
In base 10, what is -12117 - -23?
-12094
In base 2, what is -1101100 + -10010001001?
-10011110101
In base 6, what is 1031 - 24312?
-23241
In base 4, what is 3 - 221211223?
-221211220
In base 14, what is -7 - -3aa97?
